3).
0
Calculate -2 - -8 - 10 - -15.
11
What is (3 - 2 - 0) + (17 - (0 + 12))?
6
What is 74 + (-26 - (-36 - -50))?
34
(-2 - 13 - (0 + (-6 - -1))) + -2
-12
Calculate (11 - 22) + -2 + -1 - (3 + -1).
-16
Evaluate (-7 + 10 - 3) + (0 - 9).
-9
Evaluate (77 - 79) + (-1 - -10).
7
Evaluate (-15 + 12 - (-3 - 1)) + -11.
-10
Calculate (-2 + 14 - 13) + -4.
-5
-1 + -9 + 45 + (-29 - -9)
15
What is 3 + (-11 - -16) + -14 + (3 - 2)?
-5
What is the value of -1 + (8 - (-4 - -7 - 2))?
6
9 - 15 - -25 - ((2 - -2) + -4)
19
Calculate 11 + 5 - (176 + -201).
41
What is the value of 28 + -16 + -2 + (-4 - 2)?
4
Calculate (-12 - (-4 - -1)) + (-185 - -189).
-5
What is the value of 17 - (17 - 25 - 4)?
29
-5 + 10 + -5 + 18
18
What is (0 - 4) + (-6 - 3) + 2 + 15?
4
What is -26 + 13 + 1 + 20 - 23?
-15
What is -5 + -3 + (32 - 31) + (20 - -1)?
14
What is the value of 1945 + -1899 - (56 - 0)?
-10
(-14 - -6) + (-4 - 0 - -22)
10
-12 - (10 + (-1 - 13))
-8
0 - -36 - (51 + -29 - 12)
26
What is 1 + -1 + 25 + (93 - 102)?
16
Evaluate -9 - 0 - ((11 - (5 + 5)) + 5).
-15
Calculate (-13 + -2 - 8) + 12 + (-2 - -1).
-12
What is the value of -1 - (5 - (4 + 0 + -9))?
-11
What is the value of -4 + -13 + 12 - 7?
-12
What is the value of -7 - -1 - ((-5 - -12) + -15)?
2
Evaluate 180 + -188 - (-9 - 1) - (-8 - 5).
15
76 + -87 + (5 + -3 - 11)
-20
What is the value of (-10 - -5 - -1) + (1 - 2) - -18?
13
What is the value of 2 - 3 - -13 - (-64 + 67)?
9
Evaluate 24 + (13 - 35) - -15.
17
What is the value of -15 - (15 - 2 - (5 - -42))?
19
Evaluate -8 + (14 + (7 - 13) - (-3 + 8)).
-5
Calculate 363 + -358 + (3 - 3) + 2.
7
What is 7 + -3 + -2 - (-5 - (14 + -26))?
-5
(-10 - 17) + (14 - 2)
-15
What is the value of -15 + (571 + -571 - (-9 + (0 - -1)))?
-7
(-15 - (4 - 3 - 8)) + 16
8
Calculate -13 + (35 - (0 - (13 + -12))).
23
Evaluate 7 + (17 - 11) + -7 + (2 - -4).
12
What is the value of (4 + -20 - -23) + -7?
0
Calculate 3 - 6 - (-35 - -42) - -7.
-3
What is 11 + -33 + 17 + (0 - -14)?
9
-2 - 13 - (-255 - -224)
16
Calculate 14 - (-26 + 8 - -22).
10
What is the value of (-7 - 15) + 7 + 3 + (1 - -2)?
-9
Evaluate (0 + 4 - 7) + 14 + -29.
-18
What is the value of -9 - (-1 - (-1 + 12 - 4 - 3))?
-4
Calculate 39 - 21 - 9 - (0 + -1).
10
Calculate -29 - (-6 - 17) - (-2 - -8).
-12
Evaluate 5 - 2 - (-11 - (23 + -24)).
13
What is -10 - -11 - -6 - -23?
30
What is the value of -17 + 13 + -7 + 9 - 14?
-16
Calculate 4 + (3 - 0 - 13) + (-14 - -37).
17
Evaluate 3 + (5 - 16) + (-3 - -1).
-10
Evaluate 8 - (-1 - (-26 - -20)).
3
What is the value of 0 + 5 + (-8 - (1 - 6)) - -2?
4
What is 10 - 3 - ((-6 - -7) + 0)?
6
What is the value of -12 - -31 - 7 - 3?
9
Evaluate -1 + -9 + 7 + -1 + 12.
8
What is -11 + 11 + -3 + (6 - 0) + -10?
-7
Calculate 13 - (-4 + (-6 - 1 - -20)).
4
What is -54 + (-6 - (29 - 60))?
-29
Evaluate -8 + 7 + 18 - 13 - -8.
12
Calculate 0 - (5 + (4 - (16 + (-1 - 2)))).
4
25 + (-12 - (5 + -10)) - (6 + 1)
11
Calculate (-86 - -165) + -118 + (1 - -8) + 2.
-28
What is 2 + -53 - (-24 + 6) - -4?
-29
3 + 1 + 10 - (3 - 6 - -1)
16
What is the value of (-12 - (-53 + 30)) + -2 + -4?
5
What is the value of 0 + -1 + 6 + 31 + -22 - 2?
12
What is 1 + (3 - -6) + -5 - (-5 + 1)?
9
What is 16 + -2 + 9 + -14?
9
Calculate (-20 - (16 + -46)) + -16.
-6
Evaluate (4 + 3 + 5 + -13 - 0) + -16.
-17
53 + -69 - -13 - (7 + 1 + 0)
-11
What is the value of 9 + (12 - 14) + (-2 - 0) + 11?
16
What is the value of 16 + -13 + (9 - 21)?
-9
What is 5 + -13 + 33 + -19?
6
What is the value of 535 + -543 - (1 + 7)?
-16
Calculate -5 + 1 - (-19 - (-57 + 28)).
-14
What is (-4 - (-7 + 11)) + 9 - (5 + -1)?
-3
Calculate (13 - 7) + (1 - 0) - (-4 + 6).
5
What is (15 - -38 - 21) + -26?
6
What is 1 + -77 - -37 - -3?
-36
Evaluate -6 - (-4 + -10 + 9).
-1
Calculate -10 + (6 + -2 + 2 - (-1 - -1)).
-4
7 - (2 - 10 - -5)
10
What is -4 + 35 - 14 - (4 + 0 + -1)?
14
26 - (17 + -2) - 14
-3
Calculate (-6 - (-7 - -12)) + -24.
-35
What is the value of 2 - (-43 - -31 - -31)?
-17
What is the value of -11 + (-12 + 1 - 7) + 7?
-22
Evaluate 78 - 100 - (2 - 35).
11
What is (3 + 1 - 4) + -60 + 54?
-6
Evaluate 15 + -8 + (13 - 6) + -10.
4
8 + 14 + 0 + 2 + -5
19
Evaluate 2 + (-4 - 3) - (-2 + -8).
5
-7 + 0 + 13 + 4
10
-18 + 36 + -9 + -22 + -5 + -1
-19
Calculate 1 + 25 - 22 - 4.
0
What is the value of (4 - (-1 - 5)) + 6 - (7 + -17)?
26
Evaluate -18 - 1 - (591 + -620).
10
What is 27 + -19 + -17 + 0 + 2?
-7
Evaluate 13 - (3 - (6 + -1 + -6 + 0)).
9
Evaluate 0 + 9 - (6 + 17).
-14
-21 + (8 - (-3 - 1)) + -14
-23
What is the value of -4 - -1 - (16 - 5)?
-14
0 + -3 + 7 + (3 - 19) + 15
3
What is 8 - 7 - (5 - ((-1 - -7) + -2))?
0
Calculate (-23 - (1 + -13)) + 12.
1
Calculate (-5 - 20) + 25 + -13.
-13
What is 5 + (6 - 15) + (-73 - -58)?
-19
Evaluate -20 - ((-39 - 30) + 31).
18
What is -9 + (32 - (3 - 7)) + (-14 - -16)?
29
What is 2 + (-9 + (2 - 2) - (4 - 8))?
-3
Evaluate -6 + (8 - (-4 + (9 - -3))) + 20.
14
Calculate -7 + 6 + 6 - (7 - 26 - -7).
17
What is (-6 - 0) + -8 + 23?
9
What is 1 - -14 - (60 - 59) - 29?
-15
Evaluate -4 - (6 + -16 + -3 - -17).
-8
Evaluate -27 - (43 + -12 - 20).
-38
What is (-34 - -77) + -53 + (2 - (1 + 4))?
-13
Calculate (-6 - 2) + -16 + 26 + 3.
5
What is the value of 71 + -76 - (18 - -4)?
-27
Evaluate (12 + -10 - -4) + 0 - -12.
18
What is 41 - (-22 - -58) - 8?
-3
Calculate -22 - ((-13 - -25) + -14).
-20
Calculate -16 - (-5 - (-6 - -6)).
-11
What is (3 - (-1 - 1)) + -3 - 6?
-4
What is (-3 + -11 - (-3 + -1)) + 15?
5
6 + (-7 - 0) + 3 + -11 + 0
-9
Calculate 19 + -77 + 66 - (-2 - 0).
10
Calculate 0 - (6 + 0 + -9 + -10 + 5).
8
Evaluate (-1 - -11) + -14 + 2.
-2
Calculate -1 - 8 - (237 + -257).
11
5 - ((36 - 3) + -36)
8
What is the value of (16 - (1 - (-10 - -4))) + -22?
-13
-49 + (26 - (2 + -4))
-21
Evaluate 51 + (-10 - (29 + -14 + -7)).
33
Calculate -117 + 124 + -6 + -2.
-1
What is 4 - (4 - -5) - (11 + -4)?
-12
Evaluate (9 - 20) + -2 - -11 - (10 + -1).
-11
What is 3 + 3 + -15 + -49 + 49?
-9
Evaluate 13 - (-4 + (4 - (-3 + 3))).
13
2 - (-8 + (8 - 6) + 5)
3
What is the value of -7 + -12 + (-184 - -182)?
-21
What is -10 + (-1 + 17 - 8)?
-2
Evaluate -18 + 12 + -4 - (-11 - -1).
0
What is -356 + 360 - (-11 + -1 + (4 - 2))?
14
What is (2 - 6) + 5 - (-4 + 18)?
-13
What is the value of (0 - -15) + (-10 - (12 - 17))?
10
Calculate -10 + -6 + (-2 - (-1 + -2)) - -7.
-8
-1 - (7 + (-9 - -10))
-9
Calculate 3 + -29 + -10 + 14 + -1.
-23
What is the value of -2 - (9 + -9) - -10?
8
Calculate (-15 - (-30 - -16)) + -7.
-8
Calculate 0 - 1 - (-41 - -39).
1
Evaluate 6 - (21 - (-21 + 20)).
-16
Calculate -26 + (23 + 22 - 24).
-5
What is the value of (-4 + -1 - (23 - 10)) + (-1 - -6)?
-13
Calculate -22 - -18 - -14 - (-3 - -5).
8
Calculate -7 + -8 + -2 - -4 - (4 + -12).
-5
What is (13 - (12 - (5 + 1))) + 6 + 1?
14
-12 + -17 - 20 - -28
-21
Evaluate (27 - 6) + 0 + (-6 - -3) + -9.
9
-20 + (-10 - (-9 + 4 + -16))
-9
14 - (8 + 10 + -10)
6
What is the value of (-44 - -3) + -22 + 12 + 26?
-25
What is (-33 - -56) + (-5 - (-2 + 8))?
12
6844 + -6827 + 0 + (-1 - 4)
12
What is (22 - (12 - 12)) + -2 + -3?
17
-183 + 196 + (-4 + 2 - -5)
16
1 + 11 + (-20 - -4) - 2
-6
What is -1 - 13 - (24 + -24) - -30?
16
What is -1 + 6 + 268 + -266?
7
-1 + (-102 - -90) + -2 + 11
-4
What is the value of 32 + -3 - (146 - 122)?
5
What is -11 + (-42 + 7 - -10)?
-36
What is the value of -12 + 9 + (-6 - -5) + -5?
-9
Calculate -36 - -75 - 40 - (-1 + -2).
2
What is the value of -23 + -2 + (4 + 2 - (7 + -7))?
-19
Calculate 5 + -4 + (10 + 13 + -31 - -24).
17
What is the value of 21 + -3 + 10 + 5 + -7 + -10?
16
Calculate (6 - -3) + -15 - -28.
22
Evaluate 13 - (7 + (1 - (-8 - -10))).
7
-2 + (22 - ((4 - -7) + 1))
8
(3 - 3) + 21 + -26 + 27
22
Calculate -39 - -7 - 2 - -20.
-14
What is the value of (0 - 5) + (19 - 30) + 29?
13
Evaluate 10 + (-1 - 0) + -1977 + 1956.
-12
Evaluate 17 + -2 + -1 + -6 - -6.
14
Evaluate (20 - (-7 - -35)) + (11 - 0).
3
Calculate -1921 + 1919 + -1 + 9 + -1.
5
Evaluate 2 + -7 - (-8 + 5 - -4 - 2).
-4
Calculate 0 + (13 - 6) + -4 - (10 + -4).
-3
Calculate 0 - (-10 + 16 - -10) - -8.
-8
6 + 2 - (-11 - (18 + -22))
15
Calculate 11 - (-11 + -1 - (-72 + 75)).
26
What is -47 - -44 - (5 - -2 - (15 - 2))?
3
Calculate 5 - (-2 + 4 - (11 - (5 - 0))).
9
Calculate 20 + -18 + -2 - 17.
-17
What is 37 - (18 - 31 - (0 + -27))?
23
(-15 - -26) + 14 - -1
26
Calculate (-1